{"id":30,"date":"2017-12-27T21:02:35","date_gmt":"2017-12-27T21:02:35","guid":{"rendered":"https:\/\/moertl.ch\/cmk\/?page_id=30"},"modified":"2024-01-17T10:09:21","modified_gmt":"2024-01-17T10:09:21","slug":"meine-pferde","status":"publish","type":"page","link":"https:\/\/moertl.ch\/cmk\/meine-pferde\/","title":{"rendered":"Meine Pferde"},"content":{"rendered":"<h5><strong>Aktuell<\/strong><\/h5>\n<p><strong><em>Doha<\/em><\/strong><\/p>\n<p>Mit grossem Stolz k\u00f6nnen wir diesen h\u00fcbschen Fuchs, seit letzem Jahr, als unser neustes Familienmitglied feiern. Herzlichen Dank an J\u00fcrg &amp; Tiggy <a href=\"https:\/\/www.lenherr-sportpferde.ch\/\">Lenherr<\/a> f\u00fcr dieses Ausnahmepferd! Doha&#8217;s \u00fcberrangende Arbeitseinstellung, seinen Fleiss und seine Willigkeit, gekoppelt mit seiner top Qualit\u00e4t, l\u00e4sst uns mit Freude in die Zukunft blicken.<\/p>\n<p><img loading=\"lazy\" decoding=\"async\" style=\"float: left; margin-right: 8px;\" src=\"https:\/\/moertl.ch\/cmk\/wp-content\/uploads\/2024\/01\/Screenshot-2024-01-16-at-13.59.48-300x230.png\" alt=\"\" width=\"282\" height=\"216\" \/><\/p>\n<p><img loading=\"lazy\" decoding=\"async\" style=\"float: left; margin-right: 8px;\" src=\"https:\/\/moertl.ch\/cmk\/wp-content\/uploads\/2024\/01\/Screenshot-2024-01-16-at-14.10.13-300x216.png\" alt=\"\" width=\"300\" height=\"216\" \/><\/p>\n<p>&nbsp;<\/p>\n<h5><\/h5>\n<p><strong><em>Samson ZS CH<\/em><\/strong><\/p>\n<p>Meinen langbeinigen Grossen kaufte ich 2018 von der Familie <a href=\"https:\/\/www.zsh-sportpferde.com\/\">Schneider-Schwendener<\/a>, Bevaix. Sam hat sich im Verlauf der letzten Jahre zum zuverl\u00e4ssigen und talentierten Trainings- und Turnierpartner entwickelt. Die harte Arbeit mit diesem \u00e4usserst sensiblen Pferd hat sich mehr als gelohnt! Mit etwas Gl\u00fcck verl\u00e4uft die kommende Saison so erfolgreich wie die letztj\u00e4hrige.<\/p>\n<p><em><img loading=\"lazy\" decoding=\"async\" style=\"float: left; margin-right: 8px;\" src=\"https:\/\/moertl.ch\/cmk\/wp-content\/uploads\/2024\/01\/Screenshot-2024-01-16-at-14.26.06-300x245.png\" alt=\"\" width=\"281\" height=\"230\" \/><\/em><\/p>\n<p><em><img loading=\"lazy\" decoding=\"async\" class=\"\" style=\"float: left; margin-right: 8px;\" src=\"https:\/\/moertl.ch\/cmk\/wp-content\/uploads\/2024\/01\/Screenshot-2024-01-16-at-13.55.53-1-e1705411773477-300x247.png\" alt=\"\" width=\"279\" height=\"230\" \/><\/em><\/p>\n<p>&nbsp;<\/p>\n<h5><\/h5>\n<h5>Fr\u00fchere Pferde<\/h5>\n<p>Diadem 99<\/p>\n<p>Dieser Fuchs ist genauso wie er sich pr\u00e4sentiert; voller Kraft und Gehfreude. Verschmust bis \u00fcber beide Ohren und kinderlieb, gilt er \u00fcberall gleich als Liebling. Fred &#8211; wie er von uns liebevoll geannt wird &#8211; ist ein wahrer Allrounder: Auf Turnier, im Training oder im Gel\u00e4nge, auf ihn ist immer Verlass. Ich bin \u00fcberaus gl\u00fccklich, f\u00fcr ihn einen Besitzer gefunden zu haben, der ihm einen wahren Lebensplatz bietet.<\/p>\n<h5><img loading=\"lazy\" decoding=\"async\" style=\"float: left; margin-right: 8px;\" src=\"https:\/\/moertl.ch\/cmk\/wp-content\/uploads\/2022\/10\/1cdaf22e-702c-446e-81b0-eec934ec163a-e1681968840205-259x300.jpg\" alt=\"\" width=\"201\" height=\"233\" \/><img loading=\"lazy\" decoding=\"async\" style=\"float: left; margin-right: 8px;\" src=\"https:\/\/moertl.ch\/cmk\/wp-content\/uploads\/2021\/09\/Screenshot-2021-09-13-at-20.43.43-300x203.png\" alt=\"\" width=\"345\" height=\"233\" \/><\/h5>\n<p>&nbsp;<\/p>\n<p>&nbsp;<\/p>\n<p>&nbsp;<\/p>\n<p>&nbsp;<\/p>\n<p>&nbsp;<\/p>\n<p>&nbsp;<\/p>\n<p>&nbsp;<\/p>\n<p>&nbsp;<\/p>\n<p>&nbsp;<\/p>\n<p>&nbsp;<\/p>\n<p>&nbsp;<\/p>\n<p>Senta af Hvarre<\/p>\n<p>Diese temperamentvolle Stute wurde bereits zweij\u00e4hrig Teil unserer Familie. In den vergangenen Jahren hat sie wiederholt ihren ausgezeichneten Charakter, Arbeitswille und ihre Lebensfreude unter Beweis gestellt. Nach einger erfolgreichen Turniersaisons, brachte sie zwei Spitzenfohlen zur Welt. Nun geniesst sie ihre Zeit mit ihrer neuen liebenvollen Familie als Freitzeitpartner und Familienmitglied.<\/p>\n<div style=\"margin: auto; display: table;\"><img loading=\"lazy\" decoding=\"async\" class=\"alignleft\" style=\"float: left; margin-right: 8px;\" src=\"https:\/\/moertl.ch\/cmk\/wp-content\/uploads\/2018\/03\/02AH17-48-Christina-Kunz-088-200x300.jpg\" alt=\"\" width=\"200\" height=\"300\" \/><img loading=\"lazy\" decoding=\"async\" class=\"alignleft\" style=\"float: left; margin-right: 8px;\" src=\"https:\/\/moertl.ch\/cmk\/wp-content\/uploads\/2018\/03\/01AH17-48-Christina-Kunz-024-200x300.jpg\" alt=\"\" width=\"200\" height=\"300\" \/><\/div>\n<p style=\"margin-top: 50px;\">Calico II<\/p>\n<p>Zu diesem stolzen Schimmel kam ich eher aus Zufall. Er entpuppte sich allerdings sich als wahrer Turnierroutinier. Sei es an einer Prix St. George-Pr\u00fcfung oder einem 120cm-Springen, er war f\u00fcr jeden Spass zu haben und brannte f\u00fcr den Tumult der Turnierszene! Bis im hohen Alter machte er schliesslich als Senior unsere Weiden unsicher.<\/p>\n<div style=\"margin: auto; display: table;\"><img loading=\"lazy\" decoding=\"async\" class=\" wp-image-62\" style=\"float: left; margin-right: 15px;\" src=\"https:\/\/moertl.ch\/cmk\/wp-content\/uploads\/2018\/03\/Calico-dressage-2-240x300.jpg\" alt=\"\" width=\"191\" height=\"239\" srcset=\"https:\/\/moertl.ch\/cmk\/wp-content\/uploads\/2018\/03\/Calico-dressage-2-240x300.jpg 240w, https:\/\/moertl.ch\/cmk\/wp-content\/uploads\/2018\/03\/Calico-dressage-2-154x192.jpg 154w, https:\/\/moertl.ch\/cmk\/wp-content\/uploads\/2018\/03\/Calico-dressage-2.jpg 310w\" sizes=\"auto, (max-width: 191px) 100vw, 191px\" \/><img loading=\"lazy\" decoding=\"async\" class=\" wp-image-63\" style=\"float: left; margin-right: 15px;\" src=\"https:\/\/moertl.ch\/cmk\/wp-content\/uploads\/2018\/03\/Calico-jumping-2-300x199.jpeg\" alt=\"\" width=\"360\" height=\"238\" srcset=\"https:\/\/moertl.ch\/cmk\/wp-content\/uploads\/2018\/03\/Calico-jumping-2-300x199.jpeg 300w, https:\/\/moertl.ch\/cmk\/wp-content\/uploads\/2018\/03\/Calico-jumping-2-289x192.jpeg 289w, https:\/\/moertl.ch\/cmk\/wp-content\/uploads\/2018\/03\/Calico-jumping-2.jpeg 604w\" sizes=\"auto, (max-width: 360px) 100vw, 360px\" \/><\/div>\n<p style=\"margin-top: 50px;\">Genial 11<\/p>\n<p>Der Goldendancer-Nachkomme \u201eGaudi\u201c war mein bester Lehrmeister. Auf diesem ausserordentlichen Talent durfte ich viele Grundlagen des korrekten Dressurreitens lernen. Nebst zahlreichen Turniererfolgen erlebte ich mit diesem einmaligen Wallach \u2013 zwar immer ein Schlitz\u00f6hrchen \u2013 die Freude an der t\u00e4glichen Arbeit mit dem Pferd. Meine Familie und ich waren sehr gl\u00fccklich eine junge Reiterin zu finden, die Gaudi gerecht werden wollte.<\/p>\n<div style=\"margin: auto; display: table;\"><img loading=\"lazy\" decoding=\"async\" class=\"size-medium wp-image-50\" style=\"float: left; margin-right: 15px;\" src=\"https:\/\/moertl.ch\/cmk\/wp-content\/uploads\/2018\/03\/IMG_4571-188x300.jpg\" alt=\"\" width=\"188\" height=\"300\" srcset=\"https:\/\/moertl.ch\/cmk\/wp-content\/uploads\/2018\/03\/IMG_4571-188x300.jpg 188w, https:\/\/moertl.ch\/cmk\/wp-content\/uploads\/2018\/03\/IMG_4571-768x1228.jpg 768w, https:\/\/moertl.ch\/cmk\/wp-content\/uploads\/2018\/03\/IMG_4571-640x1024.jpg 640w, https:\/\/moertl.ch\/cmk\/wp-content\/uploads\/2018\/03\/IMG_4571-648x1036.jpg 648w, https:\/\/moertl.ch\/cmk\/wp-content\/uploads\/2018\/03\/IMG_4571-120x192.jpg 120w\" sizes=\"auto, (max-width: 188px) 100vw, 188px\" \/><img loading=\"lazy\" decoding=\"async\" class=\"size-medium wp-image-49\" style=\"float: left; margin-right: 15px;\" src=\"https:\/\/moertl.ch\/cmk\/wp-content\/uploads\/2018\/03\/IMG_4570-199x300.jpg\" alt=\"\" width=\"199\" height=\"300\" srcset=\"https:\/\/moertl.ch\/cmk\/wp-content\/uploads\/2018\/03\/IMG_4570-199x300.jpg 199w, https:\/\/moertl.ch\/cmk\/wp-content\/uploads\/2018\/03\/IMG_4570-768x1160.jpg 768w, https:\/\/moertl.ch\/cmk\/wp-content\/uploads\/2018\/03\/IMG_4570-678x1024.jpg 678w, https:\/\/moertl.ch\/cmk\/wp-content\/uploads\/2018\/03\/IMG_4570-648x978.jpg 648w, https:\/\/moertl.ch\/cmk\/wp-content\/uploads\/2018\/03\/IMG_4570-127x192.jpg 127w\" sizes=\"auto, (max-width: 199px) 100vw, 199px\" \/><\/div>\n<p>&nbsp;<\/p>\n<p>Carmen<\/p>\n<p>Unser erstes Jungpferd. Diese pr\u00e4chtige Stute durften wir damals als 3-j\u00e4hrige \u00fcbernehmen und sie \u00fcberzeugte \u00fcber viele Jahre mit ihrem vorbildlichen Charakter. Ihre Gutm\u00fctigkeit und ihr Talent erm\u00f6glichten mir meine ersten Turnierstarts als \u201ePf\u00fcdi\u201c. Nach Beendigung ihrer Sportkarriere durfte sie ihre Jahre als Freizeitpferd und Zuchtstute verbringen.<\/p>\n<div style=\"margin-bottom: 50px;\"><img loading=\"lazy\" decoding=\"async\" class=\" wp-image-71\" style=\"float: left; margin-right: 15px;\" src=\"https:\/\/moertl.ch\/cmk\/wp-content\/uploads\/2018\/03\/Carmen-jumping-2-300x200.jpg\" alt=\"\" width=\"322\" height=\"214\" srcset=\"https:\/\/moertl.ch\/cmk\/wp-content\/uploads\/2018\/03\/Carmen-jumping-2-300x200.jpg 300w, https:\/\/moertl.ch\/cmk\/wp-content\/uploads\/2018\/03\/Carmen-jumping-2-289x192.jpg 289w, https:\/\/moertl.ch\/cmk\/wp-content\/uploads\/2018\/03\/Carmen-jumping-2.jpg 502w\" sizes=\"auto, (max-width: 322px) 100vw, 322px\" \/><img loading=\"lazy\" decoding=\"async\" class=\"wp-image-72 \" style=\"float: left; margin-right: 15px;\" src=\"https:\/\/moertl.ch\/cmk\/wp-content\/uploads\/2018\/03\/Carmen-Dressage-e1521496959415-300x252.jpg\" alt=\"\" width=\"255\" height=\"214\" \/><\/div>\n","protected":false},"excerpt":{"rendered":"<p>Aktuell Doha Mit grossem Stolz k\u00f6nnen wir diesen h\u00fcbschen Fuchs, seit letzem Jahr, als unser neustes Familienmitglied feiern. Herzlichen Dank an J\u00fcrg &amp; Tiggy Lenherr f\u00fcr dieses Ausnahmepferd! Doha&#8217;s \u00fcberrangende Arbeitseinstellung, seinen Fleiss und seine Willigkeit, gekoppelt mit seiner top Qualit\u00e4t, l\u00e4sst uns mit Freude in die Zukunft blicken. &nbsp; Samson ZS CH Meinen langbeinigen &hellip; <a href=\"https:\/\/moertl.ch\/cmk\/meine-pferde\/\" class=\"more-link\"><span class=\"screen-reader-text\">Meine Pferde<\/span> weiterlesen<\/a><\/p>\n","protected":false},"author":1,"featured_media":77,"parent":0,"menu_order":0,"comment_status":"closed","ping_status":"closed","template":"page-templates\/full-width-page.php","meta":{"footnotes":""},"class_list":["post-30","page","type-page","status-publish","has-post-thumbnail","hentry"],"jetpack_sharing_enabled":true,"_links":{"self":[{"href":"https:\/\/moertl.ch\/cmk\/wp-json\/wp\/v2\/pages\/30","targetHints":{"allow":["GET"]}}],"collection":[{"href":"https:\/\/moertl.ch\/cmk\/wp-json\/wp\/v2\/pages"}],"about":[{"href":"https:\/\/moertl.ch\/cmk\/wp-json\/wp\/v2\/types\/page"}],"author":[{"embeddable":true,"href":"https:\/\/moertl.ch\/cmk\/wp-json\/wp\/v2\/users\/1"}],"replies":[{"embeddable":true,"href":"https:\/\/moertl.ch\/cmk\/wp-json\/wp\/v2\/comments?post=30"}],"version-history":[{"count":25,"href":"https:\/\/moertl.ch\/cmk\/wp-json\/wp\/v2\/pages\/30\/revisions"}],"predecessor-version":[{"id":342,"href":"https:\/\/moertl.ch\/cmk\/wp-json\/wp\/v2\/pages\/30\/revisions\/342"}],"wp:featuredmedia":[{"embeddable":true,"href":"https:\/\/moertl.ch\/cmk\/wp-json\/wp\/v2\/media\/77"}],"wp:attachment":[{"href":"https:\/\/moertl.ch\/cmk\/wp-json\/wp\/v2\/media?parent=30"}],"curies":[{"name":"wp","href":"https:\/\/api.w.org\/{rel}","templated":true}]}}

<h5><strong>Aktuell</strong></h5>
<p><strong><em>Doha</em></strong></p>
<p>Mit grossem Stolz können wir diesen hübschen Fuchs, seit letzem Jahr, als unser neustes Familienmitglied feiern. Herzlichen Dank an Jürg &amp; Tiggy <a href="https://www.lenherr-sportpferde.ch/">Lenherr</a> für dieses Ausnahmepferd! Doha&#8217;s überrangende Arbeitseinstellung, seinen Fleiss und seine Willigkeit, gekoppelt mit seiner top Qualität, lässt uns mit Freude in die Zukunft blicken.</p>
<p><img loading="lazy" decoding="async" style="float: left; margin-right: 8px;" src="https://moertl.ch/cmk/wp-content/uploads/2024/01/Screenshot-2024-01-16-at-13.59.48-300x230.png" alt="" width="282" height="216" /></p>
<p><img loading="lazy" decoding="async" style="float: left; margin-right: 8px;" src="https://moertl.ch/cmk/wp-content/uploads/2024/01/Screenshot-2024-01-16-at-14.10.13-300x216.png" alt="" width="300" height="216" /></p>
<p>&nbsp;</p>
<h5></h5>
<p><strong><em>Samson ZS CH</em></strong></p>
<p>Meinen langbeinigen Grossen kaufte ich 2018 von der Familie <a href="https://www.zsh-sportpferde.com/">Schneider-Schwendener</a>, Bevaix. Sam hat sich im Verlauf der letzten Jahre zum zuverlässigen und talentierten Trainings- und Turnierpartner entwickelt. Die harte Arbeit mit diesem äusserst sensiblen Pferd hat sich mehr als gelohnt! Mit etwas Glück verläuft die kommende Saison so erfolgreich wie die letztjährige.</p>
<p><em><img loading="lazy" decoding="async" style="float: left; margin-right: 8px;" src="https://moertl.ch/cmk/wp-content/uploads/2024/01/Screenshot-2024-01-16-at-14.26.06-300x245.png" alt="" width="281" height="230" /></em></p>
<p><em><img loading="lazy" decoding="async" class="" style="float: left; margin-right: 8px;" src="https://moertl.ch/cmk/wp-content/uploads/2024/01/Screenshot-2024-01-16-at-13.55.53-1-e1705411773477-300x247.png" alt="" width="279" height="230" /></em></p>
<p>&nbsp;</p>
<h5></h5>
<h5>Frühere Pferde</h5>
<p>Diadem 99</p>
<p>Dieser Fuchs ist genauso wie er sich präsentiert; voller Kraft und Gehfreude. Verschmust bis über beide Ohren und kinderlieb, gilt er überall gleich als Liebling. Fred &#8211; wie er von uns liebevoll geannt wird &#8211; ist ein wahrer Allrounder: Auf Turnier, im Training oder im Gelänge, auf ihn ist immer Verlass. Ich bin überaus glücklich, für ihn einen Besitzer gefunden zu haben, der ihm einen wahren Lebensplatz bietet.</p>
<h5><img loading="lazy" decoding="async" style="float: left; margin-right: 8px;" src="https://moertl.ch/cmk/wp-content/uploads/2022/10/1cdaf22e-702c-446e-81b0-eec934ec163a-e1681968840205-259x300.jpg" alt="" width="201" height="233" /><img loading="lazy" decoding="async" style="float: left; margin-right: 8px;" src="https://moertl.ch/cmk/wp-content/uploads/2021/09/Screenshot-2021-09-13-at-20.43.43-300x203.png" alt="" width="345" height="233" /></h5>
<p>&nbsp;</p>
<p>&nbsp;</p>
<p>&nbsp;</p>
<p>&nbsp;</p>
<p>&nbsp;</p>
<p>&nbsp;</p>
<p>&nbsp;</p>
<p>&nbsp;</p>
<p>&nbsp;</p>
<p>&nbsp;</p>
<p>&nbsp;</p>
<p>Senta af Hvarre</p>
<p>Diese temperamentvolle Stute wurde bereits zweijährig Teil unserer Familie. In den vergangenen Jahren hat sie wiederholt ihren ausgezeichneten Charakter, Arbeitswille und ihre Lebensfreude unter Beweis gestellt. Nach einger erfolgreichen Turniersaisons, brachte sie zwei Spitzenfohlen zur Welt. Nun geniesst sie ihre Zeit mit ihrer neuen liebenvollen Familie als Freitzeitpartner und Familienmitglied.</p>
<div style="margin: auto; display: table;"><img loading="lazy" decoding="async" class="alignleft" style="float: left; margin-right: 8px;" src="https://moertl.ch/cmk/wp-content/uploads/2018/03/02AH17-48-Christina-Kunz-088-200x300.jpg" alt="" width="200" height="300" /><img loading="lazy" decoding="async" class="alignleft" style="float: left; margin-right: 8px;" src="https://moertl.ch/cmk/wp-content/uploads/2018/03/01AH17-48-Christina-Kunz-024-200x300.jpg" alt="" width="200" height="300" /></div>
<p style="margin-top: 50px;">Calico II</p>
<p>Zu diesem stolzen Schimmel kam ich eher aus Zufall. Er entpuppte sich allerdings sich als wahrer Turnierroutinier. Sei es an einer Prix St. George-Prüfung oder einem 120cm-Springen, er war für jeden Spass zu haben und brannte für den Tumult der Turnierszene! Bis im hohen Alter machte er schliesslich als Senior unsere Weiden unsicher.</p>
<div style="margin: auto; display: table;"><img loading="lazy" decoding="async" class=" wp-image-62" style="float: left; margin-right: 15px;" src="https://moertl.ch/cmk/wp-content/uploads/2018/03/Calico-dressage-2-240x300.jpg" alt="" width="191" height="239" srcset="https://moertl.ch/cmk/wp-content/uploads/2018/03/Calico-dressage-2-240x300.jpg 240w, https://moertl.ch/cmk/wp-content/uploads/2018/03/Calico-dressage-2-154x192.jpg 154w, https://moertl.ch/cmk/wp-content/uploads/2018/03/Calico-dressage-2.jpg 310w" sizes="auto, (max-width: 191px) 100vw, 191px" /><img loading="lazy" decoding="async" class=" wp-image-63" style="float: left; margin-right: 15px;" src="https://moertl.ch/cmk/wp-content/uploads/2018/03/Calico-jumping-2-300x199.jpeg" alt="" width="360" height="238" srcset="https://moertl.ch/cmk/wp-content/uploads/2018/03/Calico-jumping-2-300x199.jpeg 300w, https://moertl.ch/cmk/wp-content/uploads/2018/03/Calico-jumping-2-289x192.jpeg 289w, https://moertl.ch/cmk/wp-content/uploads/2018/03/Calico-jumping-2.jpeg 604w" sizes="auto, (max-width: 360px) 100vw, 360px" /></div>
<p style="margin-top: 50px;">Genial 11</p>
<p>Der Goldendancer-Nachkomme „Gaudi“ war mein bester Lehrmeister. Auf diesem ausserordentlichen Talent durfte ich viele Grundlagen des korrekten Dressurreitens lernen. Nebst zahlreichen Turniererfolgen erlebte ich mit diesem einmaligen Wallach – zwar immer ein Schlitzöhrchen – die Freude an der täglichen Arbeit mit dem Pferd. Meine Familie und ich waren sehr glücklich eine junge Reiterin zu finden, die Gaudi gerecht werden wollte.</p>
<div style="margin: auto; display: table;"><img loading="lazy" decoding="async" class="size-medium wp-image-50" style="float: left; margin-right: 15px;" src="https://moertl.ch/cmk/wp-content/uploads/2018/03/IMG_4571-188x300.jpg" alt="" width="188" height="300" srcset="https://moertl.ch/cmk/wp-content/uploads/2018/03/IMG_4571-188x300.jpg 188w, https://moertl.ch/cmk/wp-content/uploads/2018/03/IMG_4571-768x1228.jpg 768w, https://moertl.ch/cmk/wp-content/uploads/2018/03/IMG_4571-640x1024.jpg 640w, https://moertl.ch/cmk/wp-content/uploads/2018/03/IMG_4571-648x1036.jpg 648w, https://moertl.ch/cmk/wp-content/uploads/2018/03/IMG_4571-120x192.jpg 120w" sizes="auto, (max-width: 188px) 100vw, 188px" /><img loading="lazy" decoding="async" class="size-medium wp-image-49" style="float: left; margin-right: 15px;" src="https://moertl.ch/cmk/wp-content/uploads/2018/03/IMG_4570-199x300.jpg" alt="" width="199" height="300" srcset="https://moertl.ch/cmk/wp-content/uploads/2018/03/IMG_4570-199x300.jpg 199w, https://moertl.ch/cmk/wp-content/uploads/2018/03/IMG_4570-768x1160.jpg 768w, https://moertl.ch/cmk/wp-content/uploads/2018/03/IMG_4570-678x1024.jpg 678w, https://moertl.ch/cmk/wp-content/uploads/2018/03/IMG_4570-648x978.jpg 648w, https://moertl.ch/cmk/wp-content/uploads/2018/03/IMG_4570-127x192.jpg 127w" sizes="auto, (max-width: 199px) 100vw, 199px" /></div>
<p>&nbsp;</p>
<p>Carmen</p>
<p>Unser erstes Jungpferd. Diese prächtige Stute durften wir damals als 3-jährige übernehmen und sie überzeugte über viele Jahre mit ihrem vorbildlichen Charakter. Ihre Gutmütigkeit und ihr Talent ermöglichten mir meine ersten Turnierstarts als „Pfüdi“. Nach Beendigung ihrer Sportkarriere durfte sie ihre Jahre als Freizeitpferd und Zuchtstute verbringen.</p>
<div style="margin-bottom: 50px;"><img loading="lazy" decoding="async" class=" wp-image-71" style="float: left; margin-right: 15px;" src="https://moertl.ch/cmk/wp-content/uploads/2018/03/Carmen-jumping-2-300x200.jpg" alt="" width="322" height="214" srcset="https://moertl.ch/cmk/wp-content/uploads/2018/03/Carmen-jumping-2-300x200.jpg 300w, https://moertl.ch/cmk/wp-content/uploads/2018/03/Carmen-jumping-2-289x192.jpg 289w, https://moertl.ch/cmk/wp-content/uploads/2018/03/Carmen-jumping-2.jpg 502w" sizes="auto, (max-width: 322px) 100vw, 322px" /><img loading="lazy" decoding="async" class="wp-image-72 " style="float: left; margin-right: 15px;" src="https://moertl.ch/cmk/wp-content/uploads/2018/03/Carmen-Dressage-e1521496959415-300x252.jpg" alt="" width="255" height="214" /></div>

<p>Aktuell Doha Mit grossem Stolz können wir diesen hübschen Fuchs, seit letzem Jahr, als unser neustes Familienmitglied feiern. Herzlichen Dank an Jürg &amp; Tiggy Lenherr für dieses Ausnahmepferd! Doha&#8217;s überrangende Arbeitseinstellung, seinen Fleiss und seine Willigkeit, gekoppelt mit seiner top Qualität, lässt uns mit Freude in die Zukunft blicken. &nbsp; Samson ZS CH Meinen langbeinigen &hellip; <a href="https://moertl.ch/cmk/meine-pferde/" class="more-link"><span class="screen-reader-text">Meine Pferde</span> weiterlesen</a></p>
